
18
Calculate the remainder when 10311 is divided by 793.
2
What is the remainder when 850 is divided by 31?
13
Calculate the remainder when 658 is divided by 644.
14
Calculate the remainder when 105 is divided by 38.
29
Calculate the remainder when 708 is divided by 182.
162
What is the remainder when 673 is divided by 28?
1
What is the remainder when 43 is divided by 24?
19
Calculate the remainder when 51 is divided by 8.
3
What is the remainder when 5579 is divided by 62?
61
Calculate the remainder when 581 is divided by 89.
47
Calculate the remainder when 24334 is divided by 36.
34
Calculate the remainder when 502 is divided by 227.
48
Calculate the remainder when 498 is divided by 20.
18
What is the remainder when 3439 is divided by 164?
159
What is the remainder when 465 is divided by 18?
15
What is the remainder when 62 is divided by 29?
4
Calculate the remainder when 358 is divided by 73.
66
What is the remainder when 41 is divided by 10?
1
Calculate the remainder when 79 is divided by 21.
16
What is the remainder when 5915 is divided by 18?
11
Calculate the remainder when 3654 is divided by 244.
238
What is the remainder when 394 is divided by 57?
52
Calculate the remainder when 475 is divided by 80.
75
What is the remainder when 382 is divided by 86?
38
What is the remainder when 228 is divided by 5?
3
What is the remainder when 2184 is divided by 51?
42
Calculate the remainder when 675 is divided by 206.
57
Calculate the remainder when 102 is divided by 21.
18
Calculate the remainder when 567 is divided by 123.
75
Calculate the remainder when 87 is divided by 27.
6
Calculate the remainder when 143 is divided by 11.
0
What is the remainder when 137 is divided by 132?
5
What is the remainder when 308 is divided by 45?
38
What is the remainder when 84 is divided by 30?
24
Calculate the remainder when 897 is divided by 12.
9
Calculate the remainder when 172 is divided by 60.
52
What is the remainder when 1612 is divided by 11?
6
Calculate the remainder when 102 is divided by 64.
38
Calculate the remainder when 756 is divided by 38.
34
Calculate the remainder when 322 is divided by 17.
16
Calculate the remainder when 1331 is divided by 43.
41
What is the remainder when 283 is divided by 55?
8
Calculate the remainder when 91 is divided by 8.
3
Calculate the remainder when 634 is divided by 53.
51
What is the remainder when 56 is divided by 40?
16
Calculate the remainder when 78 is divided by 73.
5
Calculate the remainder when 85 is divided by 30.
25
What is the remainder when 363 is divided by 118?
9
Calculate the remainder when 1559 is divided by 12.
11
What is the remainder when 706 is divided by 52?
30
What is the remainder when 335 is divided by 112?
111
Calculate the remainder when 45 is divided by 23.
22
What is the remainder when 153 is divided by 57?
39
What is the remainder when 19343 is divided by 93?
92
Calculate the remainder when 545 is divided by 187.
171
What is the remainder when 840 is divided by 145?
115
What is the remainder when 1903 is divided by 14?
13
Calculate the remainder when 243 is divided by 19.
15
What is the remainder when 381 is divided by 245?
136
Calculate the remainder when 130 is divided by 23.
15
What is the remainder when 2735 is divided by 37?
34
What is the remainder when 1439 is divided by 479?
2
Calculate the remainder when 619 is divided by 588.
31
Calculate the remainder when 359 is divided by 28.
23
Calculate the remainder when 522 is divided by 105.
102
What is the remainder when 254 is divided by 34?
16
Calculate the remainder when 2208 is divided by 2.
0
What is the remainder when 104 is divided by 89?
15
What is the remainder when 39 is divided by 23?
16
What is the remainder when 482 is divided by 81?
77
Calculate the remainder when 252 is divided by 14.
0
What is the remainder when 94 is divided by 24?
22
Calculate the remainder when 109 is divided by 42.
25
Calculate the remainder when 797 is divided by 390.
17
What is the remainder when 2226 is divided by 171?
3
What is the remainder when 188 is divided by 40?
28
Calculate the remainder when 316 is divided by 175.
141
What is the remainder when 883 is divided by 59?
57
What is the remainder when 1242 is divided by 205?
12
Calculate the remainder when 297 is divided by 10.
7
What is the remainder when 639 is divided by 107?
104
What is the remainder when 1493 is divided by 108?
89
Calculate the remainder when 109 is divided by 16.
13
What is the remainder when 7948 is divided by 53?
51
Calculate the remainder when 757 is divided by 71.
47
Calculate the remainder when 120 is divided by 45.
30
Calculate the remainder when 901 is divided by 8.
5
What is the remainder when 463 is divided by 15?
13
What is the remainder when 569 is divided by 26?
23
Calculate the remainder when 8504 is divided by 16.
8
What is the remainder when 155 is divided by 42?
29
Calculate the remainder when 39 is divided by 7.
4
What is the remainder when 4317 is divided by 80?
77
What is the remainder when 224 is divided by 70?
14
What is the remainder when 97 is divided by 47?
3
What is the remainder when 2914 is divided by 322?
16
What is the remainder when 68 is divided by 41?
27
Calculate the remainder when 23 is divided by 22.
1
Calculate the remainder when 587 is divided by 142.
19
What is the remainder when 341 is divided by 69?
65
What is the remainder when 182 is divided by 25?
7
What is the remainder when 112 is divided by 19?
17
What is the remainder when 647 is divided by 355?
292
Calculate the remainder when 3463 is divided by 35.
33
What is the remainder when 143 is divided by 4?
3
What is the remainder when 73 is divided by 17?
5
Calculate the remainder when 339 is divided by 68.
67
What is the remainder when 452 is divided by 152?
148
Calculate the remainder when 1401 is divided by 59.
44
What is the remainder when 1443 is divided by 85?
83
Calculate the remainder when 255 is divided by 45.
30
Calculate the remainder when 114 is divided by 4.
2
What is the remainder when 2770 is divided by 47?
44
What is the remainder when 147 is divided by 8?
3
Calculate the remainder when 3155 is divided by 69.
50
Calculate the remainder when 19097 is divided by 25.
22
Calculate the remainder when 11 is divided by 6.
5
Calculate the remainder when 2286 is divided by 379.
12
Calculate the remainder when 1299 is divided by 26.
25
Calculate the remainder when 595 is divided by 13.
10
What is the remainder when 202 is divided by 32?
10
What is the remainder when 570 is divided by 96?
90
Calculate the remainder when 109 is divided by 46.
17
What is the remainder when 392 is divided by 58?
44
What is the remainder when 281 is divided by 114?
53
Calculate the remainder when 746 is divided by 94.
88
Calculate the remainder when 38 is divided by 17.
4
Calculate the remainder when 4494 is divided by 173.
169
What is the remainder when 897 is divided by 63?
15
What is the remainder when 43 is divided by 23?
20
What is the remainder when 560 is divided by 137?
12
Calculate the remainder when 38 is divided by 4.
2
Calculate the remainder when 1824 is divided by 83.
81
Calculate the remainder when 102 is divided by 27.
21
Calculate the remainder when 1932 is divided by 176.
172
What is the remainder when 19103 is divided by 199?
198
What is the remainder when 448 is divided by 58?
42
What is the remainder when 1295 is divided by 404?
83
What is the remainder when 629 is divided by 167?
128
Calculate the remainder when 213 is divided by 18.
15
Calculate the remainder when 6648 is divided by 3319.
10
Calculate the remainder when 16 is divided by 4.
0
Calculate the remainder when 254 is divided by 51.
50
What is the remainder when 1551 is divided by 21?
18
What is the remainder when 5624 is divided by 103?
62
What is the remainder when 56 is divided by 15?
11
Calculate the remainder when 286 is divided by 20.
6
What is the remainder when 173 is divided by 88?
85
Calculate the remainder when 729 is divided by 240.
9
Calculate the remainder when 243 is divided by 50.
43
What is the remainder when 380 is divided by 107?
59
What is the remainder when 705 is divided by 58?
9
Calculate the remainder when 2102 is divided by 13.
9
Calculate the remainder when 6375 is divided by 2124.
3